 3. Let m = 80 + -86. Determine o(m).
3
Let y(g) = -3*g. Let n(f) = -6*f. Let q(r) = 2*n(r) - 5*y(r). Let j(w) = -20*w. Suppose 0 = -2*p - 8, -7 = v + 5*p + 7. Let o(c) = v*j(c) + 44*q(c). Give o(-1).
-12
Let k(x) = x**2 - 3*x - 5. Let d = -1 - 2. Let t be 2/d - 16/(-6). Suppose v - t*v + 4 = 0. Calculate k(v).
-1
Suppose o = 3, -n + 3*n - o - 5 = 0. Suppose n*t - 3*t - 14 = 0. Let z be t/3 - 2/3. Let f(i) = 2*i - 4. Calculate f(z).
4
Suppose 4*o - 22 - 2 = 0. Let x(q) = -3*q + 4 + 3*q - 2*q + q. Give x(o).
-2
Suppose -9*c = -3*c + 60. Let n(p) = -p**2 - 11*p - 6. What is n(c)?
4
Let w(d) = d**2 - 3*d - 4. Let h = 8 + -5. Let i(q) = -q**2 + 5*q - 2. Let x be i(h). Give w(x).
0
Let c be (-88)/15 + 32/(-240). Let n(s) = -s**3 - 5*s**2 + 4*s - 8. What is n(c)?
4
Let q(u) = -u**2 - 1 - 10*u**3 - u + 3*u**2 - 3*u**2. Calculate q(-1).
9
Let s(a) be the second derivative of a**4/6 + a**3/3 - a. Let m(j) = 13*j + 63. Let z be m(-5). Calculate s(z).
4
Let k(u) = -2*u**2 - 4. Let x(m) = 3*m**2 + 7. Let a(r) = 7*k(r) + 4*x(r). Let b = 5 + -6. Calculate a(b).
-2
Let n(z) = z**2 - z + 2. Let f(p) = -2*p**2 - p. Let y be f(1). Let a(t) = t**3 + t**2 - 4*t - 3. Let w be a(y). Let q = w + 11. Determine n(q).
4
Let j be (3/(-9))/((-1)/9). Let h(g) = -2*g**2 + 2*g. What is h(j)?
-12
Suppose -3*g - 5 = -8*g. Let n(i) = -3*i - 1. Let b(t) = -t. Let o(f) = f**3 + 6*f**2 + f + 7. Let l be o(-6). Let x(j) = g*b(j) + l*n(j). Give x(1).
-5
Let x(n) = 0*n - 7*n**3 + n**2 + 3*n - 2*n. What is x(-1)?
7
Let k be 2/4 - 2/4. Let m be 4*(-3)/(-9)*3. Let q(w) = -3 + 0 + m + k - 3*w. Give q(1).
-2
Suppose 40 = -3*h + 7*h. Let n = -2 + 4. Suppose n*j - h + 0 = 0. Let d(s) = s**2 - 5*s - 7. Give d(j).
-7
Let v(z) = -3 + z - 4*z + 2*z. Let x(k) = -3*k - 5. Let g be x(-3). Calculate v(g).
-7
Let w(u) be the second derivative of -u**4/24 + 4*u**3/3 - 7*u**2/2 + 6*u. Let d(h) be the first derivative of w(h). Give d(4).
4
Let f(x) = -x + 1. Suppose -4*c = c - 3*q + 5, -18 = -4*c - 2*q. Suppose 0 = -4*o - 6 + c. Let d(g) = 2*g - 9. Let j(l) = o*d(l) - f(l). Calculate j(5).
3
Let z(b) = -5*b**3 + 2*b - 1. Let s(j) = -j**3 - 11*j**2 - 2*j - 12. Let u be s(-11). Let i(t) = t**3 - 10*t**2 + 1. Let l be i(u). Determine z(l).
-4
Let l(i) = i + 1. Let j(a) = -4*a - 1. Let p(d) = -d. Let u(w) = j(w) - 3*p(w). Let c(f) = 6*l(f) + 5*u(f). Suppose 0 = 3*o + 2*o + 10. Determine c(o).
-1
Let v(a) = a + 16. Let j(k) = -13. Let z(t) = 5*j(t) + 4*v(t). Let x(i) = 2*i + 4. Let l be x(-3). Determine z(l).
-9
Let b be (-40)/(-7) - 4/(-14). Let g = -3 + b. Let r(c) = c. Determine r(g).
3
Let r(u) be the third derivative of -u**4/24 - 2*u**2. Calculate r(-2).
2
Let w = -1 + 1. Suppose 0 = -3*j + 3 - w. Let h be 9/2 + j/2. Let x(a) = -a**3 + 4*a**2 + 5*a + 2. Determine x(h).
2
Let s be 16/3 + 2/(-6). Let g(y) = 8*y**3 + 32*y**2 - 7*y - 32. Let i(z) = 3*z**3 + 11*z**2 - 2*z - 11. Let a(f) = -4*g(f) + 11*i(f). Give a(s).
-13
Let i be 36/(-45)*(-5)/2. Let p(w) be the first derivative of 3*w**i - 1/3*w**3 - 3*w + 3. Determine p(4).
5
Let r(m) = -m**3 + 4*m**2 - 3*m. Let h be r(2). Let s(l) = -4*l - 7*l**2 + 0 - h + 2 + 1 - l**3. Calculate s(-6).
-11
Let z(w) = w**3 + w**2 - 4*w - 1. Let s be z(-3). Let l = s - -1. Let k(d) = d**3 + 7*d**2 + 5*d - 1. Give k(l).
5
Let l(x) = x**3 - 6*x**2 + 4. Let w be l(6). Let f(n) = n**3 - 4*n**2 - 2. Give f(w).
-2
Suppose 7*j = 3*j + 8. Suppose -12 = -j*i + 5*i. Let v(z) = z**3 + 3*z**2 - 2*z + 5. Determine v(i).
-3
Suppose 3*j + u - 16 = 3*u, 3*j - 20 = u. Let d(a) be the third derivative of -a**6/120 + 7*a**5/60 + a**4/3 - a**3/2 - 19*a**2. Determine d(j).
-3
Let k(h) = -3*h + 3. Let p be k(3). Let s(b) = -b**2 - 7*b + 1. Give s(p).
7
Let z(f) = f**2 + f + 1. Let s(b) = -2*b**2 - 2*b - 2. Let u(x) = s(x) + 4*z(x). Give u(-2).
6
Let t(y) = 0 - 4*y + 5*y - 2. Let d(g) = g**3 + 8*g**2 + 7*g + 3. Suppose 0*v + 4*i = -3*v - 5, -v = 3*i - 5. Let u be d(v). What is t(u)?
1
Let b(m) be the first derivative of 1/2*m**2 - 4*m - 1. Suppose -3*x + 0*x = 0. What is b(x)?
-4
Let z = 5 - 9. Let p be 7 + 9/(-12)*z. Suppose 0 = -5*s + p - 0. Let x(f) = -f**3 + 2*f - 2. Calculate x(s).
-6
Let i(x) = x - 1. Let b(t) = 4. Let k(y) = b(y) - i(y). Calculate k(3).
2
Let h(q) = q**2 + q + 1. Let m(a) = 7*a**2 + 7*a - 20. Let f(t) = 6*h(t) - m(t). Calculate f(0).
26
Let s(j) = j**2 + 2*j - 2. Let b(g) = g - 1. Let u(x) = 6*b(x) - s(x). Let y = 13 + -10. Give u(y).
-1
Let y(i) = 5*i**2. Suppose 0 = -4*u - 3*s - 46, -3*u - 3*s - 35 = -s. Let m = -12 - u. What is y(m)?
5
Let l(n) be the first derivative of n**2/2 + 10*n - 2. Let f = -7 + 7. Suppose -j - j = f. Give l(j).
10
Let z(p) be the second derivative of -p**4/12 - 5*p**3/6 + p**2 - p. Let v be (-2)/7 + (-395)/(-35). Suppose v = -2*t + 3. Give z(t).
6
Let l(z) = -z + 1. Let d = 18 - 5. Let o = d - 7. Suppose 0 = 4*g - k - 2 + 9, 4*k = -g - o. Calculate l(g).
3
Let x(q) = -5 + 2*q + 0*q**3 - 5*q + q**2 + q**3 - 6*q**2. Determine x(6).
13
Let w(q) = q**2 + 8*q + 1. Suppose -32 = -2*o + 7*o - 4*g, 0 = 3*o - g + 22. Let f be w(o). Let t(p) = 7*p. What is t(f)?
7
Let w = 0 + -1. Let m(v) = 4*v + 8*v + 3 - 5*v - 4. Determine m(w).
-8
Let c(u) = -11*u + u - 1 + 0 + 7*u. What is c(-3)?
8
Suppose -4*v = -9 - 7. Suppose 4*t - 3*n - 20 = 0, v*t + 5*n - 5 = 3*t. Let d(f) = f**2 + 7*f - 2*f**2 - 11 + 5. Give d(t).
4
Let w(g) = 9*g**2 + g - 11. Let m(l) = -5*l**2 + 6. Let c(v) = 7*m(v) + 4*w(v). Determine c(3).
19
Let h(s) = s**2 - s - 2. Suppose 41 = 5*t + 11. Suppose i + 7 = -3*d, 5*d + 0*i + t = 4*i. What is h(d)?
4
Let s(j) = j + 1. Suppose -2*i - 7 = -g, -2*g - 3*i + 3 = g. Suppose -28 = 5*h - g. Calculate s(h).
-4
Let m(q) = -2*q**2 - 6*q + 14. Let v be m(-5). Let p(s) = 2*s + 8. Give p(v).
-4
Let r(w) = 2*w**2 - 1. Suppose -6 = 5*i - 16. Determine r(i).
7
Suppose -79*w = -80*w - 2. Let b(o) = -o**2 + o - 2. Give b(w).
-8
Let h(d) = d**2 + d + 2. Let m be (1 - -1)*(-3)/2. Let q = -3 - m. What is h(q)?
2
Let q = -16 - -19. Let k(n) = n**2 - 4*n + 3. Determine k(q).
0
Let g(w) = -3*w. Let u = 3 + 1. Suppose 3*k - 2 = u*a - 9, -2*a - k = 9. Calculate g(a).
6
Suppose 0 = 2*v - 6*v - 8. Let j(s) = -7*s - 8. Let r(h) = -2. Let o(g) = j(g) - 5*r(g). Calculate o(v).
16
Let d be 2*(-3*2/6)/(-2). Let u(n) = -3*n**2. What is u(d)?
-3
Let i(y) = 1 + 2*y + 2*y - 6*y. Let k = 8 - 6. What is i(k)?
-3
Let c(a) be the first derivative of -a**3/3 - 6*a**2 - 5*a - 46. Give c(-11).
6
Let l(d) be the first derivative of -d**2/2 - 5*d - 10. Calculate l(-5).
0
Let l(a) = a**3 - 3*a**2 - a - 2. Let o be l(4). Let w(g) = g - 6. What is w(o)?
4
Let l(k) = -k**3 - 5*k**2 - 4*k - 6. Let d be (-3 + 2 - -1) + 0. Suppose 2*i + 2*b + 20 = 0, -b + 6 = -d*i - i. Let o = -12 - i. Give l(o).
-6
Let g(l) = 2*l + 36. Let c be g(-15). Let b(z) = -z**3 + 5*z**2 + 8*z - 3. Determine b(c).
9
Let w(q) = -q**2 + q - 4. Let p = 5 + -5. Let o be w(p). Let a(g) = -g - 3. Calculate a(o).
1
Let p(b) = -4*b - 512*b**2 + 256*b**2 + 255*b**2. What is p(-3)?
3
Suppose 2*f - 18 = -5*v + 4, -7 = -v - 3*f. Let u(p) be the second derivative of -p**5/20 + p**4/4 + 2*p**3/3 - 3*p**2/2 - p. Give u(v).
-3
Let x be (-8)/(-2) - (-2)/2. Suppose -2*m = q - x, -q = -3*q + m. Let o(t) be the third derivative of -t**5/60 + t**2. Calculate o(q).
-1
Let q(k) = -2*k**2 + k - 1. Let h be 1/(0 + 1)*1. What is q(h)?
-2
Let c = 16 - 18. Let w(d) = d**3 + 3*d**2 + 2*d - 1. Determine w(c).
-1
Let o be 116/10 + 6/15. Suppose 4*z = o + 16. Let t(q) = -5 - z*q + q**2 + 2*q**2 - 5*q**2 - 4*q**2 - q**3. Determine t(-5).
5
Let s(m) = -m. Let v(o) = -3*o - 6. Let z(y) = 4*s(y) - v(y). Give z(0).
6
Suppose 2*i - 3*i = -4*h - 5, i = -3*h - 9. Let f be (-2)/(-6) - (-14)/3. Let b(j) = j**2 - 4*j - f*j**2 + 3*j**2. Determine b(i).
3
Let g = 9 + -10. Let p(a) = -a + 7. Let s be p(5). Let y(v) = 4*v**s - 3*v**2 + 0*v**2 + v + 3*v**3. Give y(g).
-3
Suppose 0 = 4*h - 6*h. Suppose 2*m + 12 = -5*t + m, h = -5*t + m - 18. Let s(k) be the third derivative of k**5/60 + 5*k**4/24 - 6*k**2. Determine s(t).
-6
Let p(i) = i**3 - 7*i**2 - 9*i + 4. Suppose -4*b = -5*n - 17, -n + 0*n + 3 = 0. Calculate p(b).
-4
Let v(a) be the first derivative of 5*a**3/3 - a**2/2 + 6. Calculate v(1).
4
Let y(f) = -f - 4. Let i be y(-6). Let p(r) = 5 - 2 + 2 + r - i*